{"id":56,"date":"2025-11-02T11:55:33","date_gmt":"2025-11-02T11:55:33","guid":{"rendered":"https:\/\/vn.titocity.com\/taibao\/?page_id=56"},"modified":"2025-11-02T11:57:45","modified_gmt":"2025-11-02T11:57:45","slug":"notes","status":"publish","type":"page","link":"https:\/\/vn.titocity.com\/taibao\/notes\/","title":{"rendered":"NOTES"},"content":{"rendered":"\n<h1 class=\"wp-block-heading\" style=\"font-size:clamp(4.16rem, 4.16rem + ((1vw - 0.2rem) * 8.8), 9rem);\">\u8ca1\u5bf6<\/h1>\n\n\n\n<p>C\u1ed9t m\u1ed1c s\u1ed1 d\u01b0 t\u00e0i kho\u1ea3n ng\u00e2n h\u00e0ng 1 t\u1ef7 \u0111\u1ed3ng ch\u1ee9ng m\u00ecnh m\u1ed9t ng\u01b0\u1eddi \u0111\u00e3 bi\u1ebft c\u00e1ch ki\u1ebfm ti\u1ec1n v\u00e0 gi\u1eef ti\u1ec1n<\/p>\n\n\n\n<p><\/p>\n\n\n\n<p>C\u1ed9t m\u1ed1c s\u1ed1 d\u01b0 t\u00e0i kho\u1ea3n ng\u00e2n h\u00e0ng 5 t\u1ef7 \u0111\u1ed3ng ch\u1ee9ng minh b\u1ea1n \u0111\u1ee7 \u0111i\u1ec1u ki\u1ec7n \u0111\u1ec3 \u0111\u1ea1t c\u1ea5p \u0111\u1ed9 Khang T\u00e0i Ch\u1ee7. <\/p>\n\n\n\n<ul class=\"wp-block-list\">\n<li>5 t\u1ef7 \u0111\u1ed3ng l\u00e0 Khang T\u00e0i Ch\u1ee7 c\u1ea5p 1 (KTC1)<\/li>\n\n\n\n<li>25 t\u1ef7 \u0111\u1ed3ng l\u00e0 Khang T\u00e0i Ch\u1ee7 c\u1ea5p 2 (KTC2)<\/li>\n\n\n\n<li>100 t\u1ef7 \u0111\u1ed3ng l\u00e0 Khang T\u00e0i Ch\u1ee7 c\u1ea5p 3 (KTC3)<\/li>\n\n\n\n<li>500 t\u1ef7 \u0111\u1ed3ng l\u00e0 Ph\u00fa H\u00e0o <\/li>\n<\/ul>\n\n\n\n<p><\/p>\n\n\n\n<p><\/p>\n","protected":false},"excerpt":{"rendered":"<p>\u8ca1\u5bf6 C\u1ed9t m\u1ed1c s\u1ed1 d\u01b0 t\u00e0i kho\u1ea3n ng\u00e2n h\u00e0ng 1 t\u1ef7 \u0111\u1ed3ng ch\u1ee9ng m\u00ecnh m\u1ed9t ng\u01b0\u1eddi \u0111\u00e3 bi\u1ebft c\u00e1ch ki\u1ebfm ti\u1ec1n v\u00e0 gi\u1eef ti\u1ec1n C\u1ed9t m\u1ed1c s\u1ed1 d\u01b0 t\u00e0i kho\u1ea3n ng\u00e2n h\u00e0ng 5 t\u1ef7 \u0111\u1ed3ng ch\u1ee9ng minh b\u1ea1n \u0111\u1ee7 \u0111i\u1ec1u ki\u1ec7n \u0111\u1ec3 \u0111\u1ea1t c\u1ea5p \u0111\u1ed9 Khang T\u00e0i Ch\u1ee7.<\/p>\n","protected":false},"author":4,"featured_media":0,"parent":0,"menu_order":0,"comment_status":"closed","ping_status":"closed","template":"blank","meta":{"footnotes":""},"class_list":["post-56","page","type-page","status-publish","hentry"],"_links":{"self":[{"href":"https:\/\/vn.titocity.com\/taibao\/wp-json\/wp\/v2\/pages\/56","targetHints":{"allow":["GET"]}}],"collection":[{"href":"https:\/\/vn.titocity.com\/taibao\/wp-json\/wp\/v2\/pages"}],"about":[{"href":"https:\/\/vn.titocity.com\/taibao\/wp-json\/wp\/v2\/types\/page"}],"author":[{"embeddable":true,"href":"https:\/\/vn.titocity.com\/taibao\/wp-json\/wp\/v2\/users\/4"}],"replies":[{"embeddable":true,"href":"https:\/\/vn.titocity.com\/taibao\/wp-json\/wp\/v2\/comments?post=56"}],"version-history":[{"count":4,"href":"https:\/\/vn.titocity.com\/taibao\/wp-json\/wp\/v2\/pages\/56\/revisions"}],"predecessor-version":[{"id":60,"href":"https:\/\/vn.titocity.com\/taibao\/wp-json\/wp\/v2\/pages\/56\/revisions\/60"}],"wp:attachment":[{"href":"https:\/\/vn.titocity.com\/taibao\/wp-json\/wp\/v2\/media?parent=56"}],"curies":[{"name":"wp","href":"https:\/\/api.w.org\/{rel}","templated":true}]}}